t common factor of 181210 and 310.
10
Calculate the greatest common factor of 108 and 2034342.
54
What is the highest common factor of 22806 and 2394?
126
Calculate the greatest common factor of 32280 and 285.
15
What is the highest common factor of 3424 and 128?
32
Calculate the highest common divisor of 90 and 690.
30
Calculate the highest common divisor of 80534 and 402.
134
Calculate the highest common factor of 60798 and 96.
6
What is the greatest common factor of 8676 and 2502?
18
Calculate the highest common factor of 66164 and 56.
28
What is the highest common divisor of 752 and 34451?
47
What is the highest common factor of 98718 and 18?
6
Calculate the greatest common divisor of 127765 and 2024.
253
Calculate the highest common factor of 4190 and 19274.
838
What is the greatest common factor of 326 and 4334333?
163
What is the greatest common divisor of 1353 and 144?
3
What is the greatest common factor of 885 and 218005?
295
What is the greatest common divisor of 140 and 5530?
70
Calculate the greatest common divisor of 18 and 578196.
18
Calculate the greatest common divisor of 372 and 732.
12
What is the highest common factor of 30 and 800?
10
Calculate the greatest common factor of 18192 and 21732.
12
Calculate the highest common factor of 366 and 1523475.
183
What is the greatest common divisor of 3991 and 2925?
13
What is the highest common factor of 8582 and 28?
14
Calculate the greatest common divisor of 1760 and 3580.
20
What is the greatest common divisor of 48363 and 282?
141
Calculate the greatest common divisor of 44190 and 27.
9
What is the highest common factor of 116 and 1436428?
116
What is the greatest common factor of 18582 and 72?
6
Calculate the greatest common factor of 56 and 13804.
28
Calculate the greatest common divisor of 45883 and 119.
17
What is the greatest common factor of 12349 and 3728?
233
Calculate the highest common factor of 2321 and 1309.
11
What is the highest common divisor of 13739 and 297?
11
Calculate the greatest common factor of 87 and 280227.
87
Calculate the highest common factor of 36399 and 297.
33
Calculate the greatest common divisor of 187656 and 224.
56
Calculate the highest common divisor of 238070 and 15960.
1330
Calculate the greatest common divisor of 72 and 204632.
8
Calculate the highest common factor of 16 and 76344.
8
Calculate the greatest common divisor of 20081 and 1161.
43
What is the highest common factor of 2237 and 19?
1
Calculate the greatest common divisor of 20 and 57720.
20
Calculate the highest common divisor of 256 and 149824.
64
What is the greatest common divisor of 4625 and 251600?
925
What is the highest common factor of 14 and 370034?
14
Calculate the highest common factor of 3562 and 6302.
274
What is the greatest common factor of 414 and 722154?
138
What is the greatest common divisor of 18 and 1782711?
9
Calculate the greatest common factor of 14036 and 464.
116
What is the greatest common divisor of 37074 and 68804?
334
What is the greatest common factor of 969 and 44251?
323
What is the greatest common factor of 124 and 1032517?
31
What is the highest common divisor of 16949712 and 52?
52
Calculate the highest common factor of 744499 and 14.
7
What is the highest common divisor of 336 and 532112?
112
What is the highest common divisor of 3654 and 70470?
522
Calculate the highest common factor of 53339 and 572.
143
Calculate the highest common divisor of 34485 and 726.
363
Calculate the greatest common factor of 2912 and 1582.
14
Calculate the greatest common factor of 23616 and 26784.
288
Calculate the greatest common factor of 587530 and 164.
82
Calculate the greatest common factor of 4065 and 345.
15
Calculate the highest common factor of 160 and 110624.
32
Calculate the greatest common divisor of 22 and 295262.
22
Calculate the greatest common factor of 230 and 17848.
46
What is the highest common factor of 224620 and 4400?
220
Calculate the greatest common divisor of 8241 and 4.
1
Calculate the highest common factor of 58935 and 15.
15
Calculate the greatest common factor of 72 and 577088.
8
Calculate the greatest common factor of 8196 and 237.
3
Calculate the highest common divisor of 50115 and 1365.
195
Calculate the greatest common divisor of 98 and 18.
2
Calculate the highest common divisor of 13225537 and 29.
29
Calculate the highest common factor of 121957 and 33.
11
Calculate the greatest common factor of 428 and 4387.
107
Calculate the greatest common divisor of 294 and 96582.
6
Calculate the highest common factor of 2985 and 404766.
597
What is the greatest common factor of 92 and 838212?
92
What is the highest common factor of 91 and 306007?
13
What is the highest common divisor of 114 and 537833?
19
What is the greatest common divisor of 74 and 131498?
74
What is the highest common divisor of 152 and 122?
2
What is the greatest common factor of 105 and 12369?
21
What is the highest common divisor of 3836 and 30548?
28
What is the greatest common factor of 42 and 37254?
42
What is the greatest common factor of 14 and 3820411?
7
Calculate the greatest common divisor of 84 and 43197.
21
What is the greatest common factor of 7125 and 494?
19
What is the highest common divisor of 2164 and 411701?
541
What is the highest common divisor of 175907 and 1537?
53
What is the highest common divisor of 431 and 20257?
431
What is the highest common factor of 73008 and 3456?
432
What is the greatest common divisor of 97152 and 12903?
759
What is the highest common divisor of 27636 and 4431?
21
Calculate the highest common divisor of 707 and 1344310.
101
Calculate the greatest common divisor of 56798 and 21.
7
What is the highest common factor of 487501 and 294?
49
Calculate the highest common factor of 41 and 285319.
41
Calculate the highest common divisor of 9 and 2804814.
9
What is the highest common factor of 2092 and 1130203?
523
What is the highest common factor of 34531 and 112?
7
Calculate the greatest common divisor of 6 and 24363.
3
Calculate the highest common divisor of 38 and 3861598.
38
Calculate the highest common divisor of 10001 and 43840.
137
Calculate the greatest common factor of 6405 and 4935.
105
Calculate the highest common factor of 33774 and 12.
6
Calculate the highest common divisor of 29916 and 252.
36
What is the highest common divisor of 1504 and 97901?
47
Calculate the greatest common divisor of 290087 and 203.
203
Calculate the highest common factor of 6887 and 17945.
97
What is the highest common factor of 352 and 902?
22
What is the greatest common divisor of 24944 and 1984?
16
Calculate the highest common divisor of 2173 and 18409.
41
What is the greatest common divisor of 34 and 22372?
34
Calculate the highest common factor of 37990 and 638.
58
Calculate the greatest common divisor of 1558 and 342.
38
Calculate the highest common factor of 1426020 and 60.
60
Calculate the greatest common divisor of 118759 and 1133.
103
What is the greatest common factor of 9330 and 19455?
15
What is the greatest common divisor of 13452 and 826?
118
What is the greatest common divisor of 125 and 109085?
5
Calculate the greatest common divisor of 99926 and 272.
34
Calculate the highest common factor of 18921 and 80801.
119
What is the highest common factor of 17316 and 592?
148
Calculate the greatest common factor of 1646827 and 455.
91
Calculate the greatest common divisor of 33 and 52008.
33
What is the greatest common divisor of 696 and 9947?
29
What is the highest common factor of 89024 and 242248?
856
Calculate the greatest common factor of 68173 and 2.
1
Calculate the highest common factor of 117 and 255099.
39
Calculate the highest common factor of 72 and 1218852.
36
Calculate the greatest common factor of 25116 and 46851.
483
What is the highest common factor of 42 and 208446?
42
Calculate the greatest common divisor of 144 and 158336.
16
Calculate the highest common factor of 10 and 145315.
5
Calculate the greatest common divisor of 21638 and 1984.
62
What is the highest common divisor of 119573 and 109?
109
Calculate the highest common factor of 4086 and 18.
18
Calculate the highest common factor of 2065 and 5537.
7
Calculate the highest common divisor of 36 and 1105938.
18
Calculate the greatest common divisor of 1164 and